-3*d + 52 = 4*n - 89. Calculate the remainder when d is divided by 22.
21
Let c(i) = -10*i - 4. Let t be c(-3). Let a = t + -10. Calculate the remainder when a is divided by 9.
7
Suppose 14*z - 10*z = 76. What is the remainder when z is divided by 16?
3
Calculate the remainder when 122 is divided by 2*4/(-8)*-41.
40
Suppose c - 3*a - 6 = -c, c + 4 = -2*a. Suppose -d + 6*d = c. Suppose 0 = 3*l - d*l - 57. What is the remainder when l is divided by 7?
5
Suppose 0 = 5*h - 6 - 59. What is the remainder when (0 + 1)/(7/175) is divided by h?
12
Let j(l) = l**3 + 8*l**2 + l - 17. What is the remainder when 48 is divided by j(-7)?
23
Suppose 0 = 5*w - d - 16 - 34, 0 = 2*d. Let x = -4 + w. Calculate the remainder when 16 is divided by x.
4
Suppose -5*q + 36 = -2*q. What is the remainder when 55 is divided by q?
7
What is the remainder when 35 is divided by (2/(-8) + (-5)/20)*-24?
11
Calculate the remainder when 33 is divided by (-6)/51 - 172/(-17).
3
Suppose 56 = 2*i + 20. Calculate the remainder when 71 is divided by i.
17
Let w(x) = -x + 11. Calculate the remainder when 6 is divided by w(6).
1
Let k = -3 - -3. Suppose 0 = -k*m - m + 7. What is the remainder when m is divided by 4?
3
Let i = 0 + 0. Suppose -3*p + 18 = 3. Suppose i = -p*k + 40. What is the remainder when k is divided by 3?
2
Suppose 2*q - 3 = 7. Suppose q*n - 4*d + 2*d = 242, 2*d + 146 = 3*n. What is the remainder when n is divided by 17?
14
Let k(i) = i**3 - 6*i**2 + i - 8. Let u be k(6). Let v = u + 17. Calculate the remainder when 28 is divided by v.
13
Let l(g) = -g**2 - 4*g + 5. Let p be l(-4). Suppose -4*z - 1 = 2*f - 3*f, -10 = p*z - 3*f. Calculate the remainder when z is divided by 1.
0
Suppose 5*n - 308 = 7. Calculate the remainder when n is divided by 32.
31
Let j = 70 - 68. What is the remainder when j is divided by 1/((-2)/4*-2)?
0
Let n = -17 + 42. Calculate the remainder when 73 is divided by n.
23
Let n = 3 + 8. Let g = n + -8. Suppose 58 = 4*k + r, -g*k + 46 = -0*r + 2*r. Calculate the remainder when k is divided by 8.
6
Let b = 0 + 14. What is the remainder when 53 is divided by b?
11
Let s(j) = -j - 2. Calculate the remainder when (2/2)/(1 - (0 + 0)) is divided by s(-3).
0
Let g(z) = z**3 + 12*z**2 - 3*z + 26. What is the remainder when g(-12) is divided by 23?
16
Suppose -z - 3*w = -33, -2*z + 3*w + 31 = -17. Calculate the remainder when z is divided by 15.
12
Let q = -151 - -177. Suppose 5*n - 4*h - 7 = -h, -n - 4*h = 17. Let t(v) = -9*v. Calculate the remainder when q is divided by t(n).
8
Suppose 4*v + 0*d + 5*d - 9 = 0, d = -5*v - 15. Let r = v + 16. Calculate the remainder when r*3/4*2 is divided by 10.
8
Suppose 5*s + 16 = d, 3*s + 43 = -2*d + 127. Let k = -17 + d. Calculate the remainder when 93 is divided by k.
17
Let n = 19 - 2. Calculate the remainder when 135 is divided by n.
16
Suppose 2*b - 3*o + 4*o = 37, -b + 21 = -2*o. Calculate the remainder when 55 is divided by b.
17
Suppose 0*a + 2*a - 22 = 0. Calculate the remainder when 21 is divided by a.
10
Let y = -14 + 24. Let s(f) = 2*f + 1 - y*f - 38*f. What is the remainder when s(-1) is divided by 16?
15
Suppose -4*r + 0*r = 0. Suppose r*j + 257 = 5*j - 2*s, -2*j = 4*s - 122. Calculate the remainder when j is divided by 18.
17
Let z be 4 - (-1 + 2 + 0). Suppose z*q + 2*q + 80 = 0. Calculate the remainder when 31 is divided by 10/(-1)*q/10.
15
What is the remainder when 13 is divided by 25/(-10)*(2 - 4)?
3
Suppose -7 = 4*n + 3*q - 38, q + 3 = 0. What is the remainder when (-1 + -30 + 2)/(-1) is divided by n?
9
Let a(z) = z**3 - 7*z**2 - 8*z + 4. Calculate the remainder when 13 is divided by a(8).
1
Let x = -12 + 22. Let p(a) = -44*a + 3. Let i be p(-3). Suppose -81 = -3*k - 2*o, -i = -5*k + 5*o + 25. Calculate the remainder when k is divided by x.
9
Let u(w) = -2*w + 12. Calculate the remainder when 87 is divided by u(-5).
21
What is the remainder when 13/(5 + 256/(-52)) is divided by 43?
40
Suppose -252 = -4*q + 2*q + z, -z - 376 = -3*q. Suppose -q = 2*x - 4*x. What is the remainder when x is divided by 21?
20
Suppose 5*z - 4*z - 4 = 0. Suppose z = 5*u - 6. Let v(g) = g + 14. What is the remainder when v(-11) is divided by u?
1
Suppose 0 = -3*c - c + 120. Suppose -32 = -2*n - 0. What is the remainder when c is divided by n?
14
Let l be -34 - 0 - (-6 - -7). Let w = -10 - l. Calculate the remainder when w is divided by 14.
11
Let o = 3 - -15. Let z(g) = -g**3 + 10*g**2 - 13*g + 9. Calculate the remainder when z(8) is divided by o.
15
Let g = -519 + 744. Let t(k) = -21*k - 1. Calculate the remainder when t(-1) is divided by g/20 - (-2)/(-8).
9
Suppose 52 + 60 = 4*m. Calculate the remainder when 134 is divided by m.
22
Let j = -4 - -10. What is the remainder when ((-16)/3)/((-4)/j) is divided by 5?
3
Let f = -59 - -99. What is the remainder when 115 is divided by f?
35
Let w be ((-4)/3)/(12/(-27)). Calculate the remainder when 18 - (-1 - (w + -4)) is divided by 7.
4
Let v(k) = k**2 + 6*k + 4. What is the remainder when v(5) is divided by 12?
11
Suppose -3*l = -5*l + 24. Let t = -213 + 234. What is the remainder when t is divided by l?
9
Suppose -2*q - 185 = -3*c - 2*c, -111 = -3*c + q. Calculate the remainder when c is divided by 20.
17
Let g(h) = -2*h**2 + 7*h + 10. Let b(t) = t**2 - 4*t - 5. Let u(p) = -5*b(p) - 2*g(p). What is the remainder when u(5) is divided by 6?
4
Let y = 291 - 192. Calculate the remainder when y is divided by 25.
24
Let o(g) = 7*g - 12 - 10 + 4. Calculate the remainder when o(9) is divided by 12.
9
Suppose 4*j - 5*d - 6 = 3*j, -j + 2*d = -9. Calculate the remainder when 20 is divided by j.
9
Let x(n) = n**3 + 5*n**2 - 4*n. Let b be x(-5). Let o = b + -2. Suppose -3*r + r = -o. Calculate the remainder when 26 is divided by r.
8
Suppose -2*h - x = -6 - 15, -5*h + 4*x = -46. Calculate the remainder when 28/h + (-3)/(-15) is divided by 3.
0
Let g be (-62)/(-4) + (-6)/(-12). Suppose g = 4*b, 11 = 5*t - 0*t - b. Calculate the remainder when 5 is divided by t.
2
Calculate the remainder when ((-4)/6)/((-2)/192) is divided by 22.
20
Let h = 10 + -2. Suppose 0 = 3*a - 62 + h. What is the remainder when 35 is divided by a?
17
Suppose 2*j + 4 - 30 = 0. Let b = -301 - -501. Suppose 2*v + k - 77 = 0, 5*v + 4*k + k - b = 0. Calculate the remainder when v is divided by j.
11
Let i(o) = o**2 - 7*o + 7. Let p be i(6). Suppose 0*c = -4*c + 12. Calculate the remainder when 2 is divided by (1/(c - 2))/p.
0
Suppose c - 12 = -2*g, g + 2*c - c = 5. Let z = 16 + 2. What is the remainder when z is divided by g?
4
Let m(w) = w**2 - 5. Let n be m(7). Suppose -4*j - 12 = 0, -3*u - 4*j + n = 11. Calculate the remainder when 29 is divided by (u/2)/(1/2).
14
Suppose 5 = v - 3. Let s = v + -4. Calculate the remainder when 15 is divided by s.
3
Let k(j) = -j**3 - 6*j**2 + 12*j + 10. Let b = -4 - 4. What is the remainder when k(b) is divided by 22?
20
Suppose -6*b - b + 196 = 0. What is the remainder when b is divided by 10?
8
Let a be (-1 + 9/12)*-4. Let s be (a + 9/(-3))*-16. Suppose 0*g - 4*g = -3*u - s, 0 = -5*g - 4*u + 40. Calculate the remainder when 22 is divided by g.
6
Let y(v) = 3*v - 15. Suppose 13 = 2*o + 3*n, 5*o + n = -n + 49. What is the remainder when y(o) is divided by 5?
3
Let v(r) = r + 9. Suppose 4*j = 5*j - 15. What is the remainder when (1 + -11)/((-6)/j) is divided by v(4)?
12
Let o(b) = b**3 - 5*b**2 + 2*b - 5. Let p be o(5). Let r(i) = -7*i + 0*i**2 + p*i**2 + 8*i. What is the remainder when 11 is divided by r(1)?
5
Suppose -2*o - 174 = -4*o. Calculate the remainder when o is divided by 22.
21
Let c(m) = 27*m**3 + m**2 - m. Let s be c(1). Suppose -2*n - 5*p = -s, -4 = 4*p + 16. What is the remainder when n is divided by (1 - 4) + (-136)/(-8)?
12
Suppose 2*q + 5 = 1. What is the remainder when (-25)/(q + 0 + 1) is divided by (0 - -1)/((-6)/(-78))?
12
Let a(k) = -k - 5. Let l = -16 + 4. Calculate the remainder when 26 is divided by a(l).
5
Suppose 73 = 3*g + 4*v, -g + 0*v + 5*v = 1. Calculate the remainder when 36 is divided by g.
17
Let z = -7 - -52. Calculate the remainder when z is divided by 16.
13
Suppose -4 - 35 = -3*a + 3*l, -4*a - l + 47 = 0. What is the remainder when a is divided by 5?
2
Suppose -69 = -2*n + n. Let y = n - 46. Calculate the remainder when y is divided by 6.
5
Let